{"id":171,"date":"2017-10-29T12:24:51","date_gmt":"2017-10-29T11:24:51","guid":{"rendered":"http:\/\/recherche-action.fr\/emancipation-transformation\/?page_id=171"},"modified":"2017-12-06T10:42:37","modified_gmt":"2017-12-06T09:42:37","slug":"seminaire-21-nov-2017-economie-populaire","status":"publish","type":"page","link":"http:\/\/recherche-action.fr\/emancipation-transformation\/archives\/seminaire-21-nov-2017-economie-populaire\/","title":{"rendered":"S\u00e9minaire 21 nov 2017 sur l&rsquo;\u00e9conomie populaire"},"content":{"rendered":"<p><a href=\"http:\/\/recherche-action.fr\/emancipation-transformation\/wp-content\/uploads\/sites\/16\/2017\/10\/A3-economie-populaire-21nov2017.png\"><img fetchpriority=\"high\" decoding=\"async\" class=\"size-full wp-image-200 aligncenter\" src=\"http:\/\/recherche-action.fr\/emancipation-transformation\/wp-content\/uploads\/sites\/16\/2017\/10\/A3-economie-populaire-21nov2017.png\" alt=\"\" width=\"842\" height=\"1180\" srcset=\"http:\/\/recherche-action.fr\/emancipation-transformation\/wp-content\/uploads\/sites\/16\/2017\/10\/A3-economie-populaire-21nov2017.png 842w, http:\/\/recherche-action.fr\/emancipation-transformation\/wp-content\/uploads\/sites\/16\/2017\/10\/A3-economie-populaire-21nov2017-214x300.png 214w, http:\/\/recherche-action.fr\/emancipation-transformation\/wp-content\/uploads\/sites\/16\/2017\/10\/A3-economie-populaire-21nov2017-768x1076.png 768w, http:\/\/recherche-action.fr\/emancipation-transformation\/wp-content\/uploads\/sites\/16\/2017\/10\/A3-economie-populaire-21nov2017-731x1024.png 731w\" sizes=\"(max-width: 842px) 100vw, 842px\" \/><\/a><\/p>\n<p style=\"text-align: center;\">Les acteurs-chercheurs du Laboratoire d&rsquo;Innovation Sociale par la Recherche-Action et le collectif Rues Marchandes\u00a0sont heureux de vous inviter au s\u00e9minaire recherche-action en partenariat avec la Maison des Sciences de l\u2019Homme Paris-Nord<\/p>\n<p style=\"text-align: center;\">Entr\u00e9e libre sur <a href=\"http:\/\/recherche-action.fr\/emancipation-transformation\/inscription\/\">inscription<\/a><\/p>\n<p><a href=\"http:\/\/recherche-action.fr\/ruesmarchandes\/\"><img decoding=\"async\" class=\"aligncenter wp-image-190 size-full\" src=\"http:\/\/recherche-action.fr\/emancipation-transformation\/wp-content\/uploads\/sites\/16\/2017\/10\/rm.png\" alt=\"\" width=\"177\" height=\"37\" \/><\/a>Cette rencontre boucle le programme de recherche-action labellis\u00e9 par la MSH PN \u00a0\u00ab\u00a0La biffe comme \u00e9co-d\u00e9veloppement urbain\u00a0: recherche-action pour la revalorisation des \u00ab\u00a0<a href=\"http:\/\/recherche-action.fr\/ruesmarchandes\/\" target=\"_blank\" rel=\"noopener\">rues marchandes<\/a>\u00a0\u00bb et le travail des biffins\u00a0\u00bb. Le laboratoire social LISRA poursuit ainsi l\u2019exploration et la valorisation des situations d\u2019implication des acteurs producteurs de connaissances dans les processus de recomposition sociaux et \u00e9conomiques.<\/p>\n<h1>Pr\u00e9sentation<\/h1>\n<p>L\u2019\u00e9conomie populaire est habituellement renvoy\u00e9e \u00e0 une sous-\u00e9conomie capitaliste \u00ab\u00a0aux pieds nus\u00a0\u00bb (secteur informel, \u00e9conomie souterraine, strat\u00e9gies de survie, etc.). Il n\u2019existerait donc qu\u2019un seul mod\u00e8le \u00e9conomique, celui qui nous domine. Pourtant l\u2019\u00e9conomie populaire structure des pans entiers de la soci\u00e9t\u00e9, pas seulement des \u00ab\u00a0pays du Sud\u00a0\u00bb.<\/p>\n<p>Nous pourrions concevoir autrement la notion d\u2019\u00e9conomie populaire qui englobe tout en la d\u00e9passant l\u2019\u00e9conomie informelle en l\u2019int\u00e9grant dans un sch\u00e9ma de d\u00e9veloppement. Elle ne se r\u00e9duit pas \u00e0 une \u00e9conomie de subsistance, mais ne valide pas non plus une \u00e9conomie productiviste qui conforte les in\u00e9galit\u00e9s et grossit cette main-d\u2019\u0153uvre surnum\u00e9raire pr\u00e9caris\u00e9e ou exclue dans les p\u00e9riodes de r\u00e9cession.<\/p>\n<p>Elle d\u00e9signe alors l\u2019ensemble des activit\u00e9s \u00e9conomiques et des pratiques sociales d\u00e9velopp\u00e9es par les groupes populaires en vue de garantir, par l&rsquo;utilisation de leur propre force de travail et des ressources disponibles, la satisfaction des besoins de base, mat\u00e9riels autant qu&rsquo;immat\u00e9riels. Elle peut prendre concr\u00e8tement diff\u00e9rentes formes comme l\u2019illustrera la pr\u00e9sentation d\u2019exp\u00e9rimentations\u00a0: ateliers autog\u00e9r\u00e9s, groupe d\u2019achat, \u00e9choppes fixes ou ambulantes, petites r\u00e9parations, syst\u00e8mes d\u2019\u00e9change local, cuisines collectives, r\u00e9colte des d\u00e9chets et revente dans la rue ou au b\u00e9n\u00e9fice de dispositif de r\u00e9cup\u00e9ration\u2026<\/p>\n<div id=\"attachment_102\" class=\"wp-caption alignright\" style=\"width: 646px\"><a href=\"http:\/\/autographie.org\/cycletravail\/\"><img decoding=\"async\" class=\"wp-image-102 size-large\" src=\"http:\/\/recherche-action.fr\/emancipation-transformation\/wp-content\/uploads\/sites\/16\/2017\/09\/1493536_10152917920274516_3497127595583411539_o-1024x683-1024x683.jpg\" alt=\"\" width=\"646\" height=\"431\" srcset=\"http:\/\/recherche-action.fr\/emancipation-transformation\/wp-content\/uploads\/sites\/16\/2017\/09\/1493536_10152917920274516_3497127595583411539_o-1024x683.jpg 1024w, http:\/\/recherche-action.fr\/emancipation-transformation\/wp-content\/uploads\/sites\/16\/2017\/09\/1493536_10152917920274516_3497127595583411539_o-1024x683-300x200.jpg 300w, http:\/\/recherche-action.fr\/emancipation-transformation\/wp-content\/uploads\/sites\/16\/2017\/09\/1493536_10152917920274516_3497127595583411539_o-1024x683-768x512.jpg 768w\" sizes=\"(max-width: 646px) 100vw, 646px\" \/><\/a><p class=\"wp-caption-text\">atelier d&rsquo;autonomisation \u00e0 la m\u00e9canique @medication time<\/p><\/div>\n<p>Entre une \u00e9conomie sociale institutionnelle en difficult\u00e9 pour r\u00e9pondre aux enjeux contemporains et l\u2019illusion lib\u00e9rale d\u2019une autor\u00e9gulation marchande, la notion d\u2019\u00e9conomie populaire et solidaire rappelle l\u2019impossibilit\u00e9 de compl\u00e8tement marchandiser le travail et la vie enti\u00e8re. Cette notion est issue d&rsquo;un travail de l\u00e9gitimation de l&rsquo;\u00e9conomie populaire op\u00e9r\u00e9 par des chercheurs et acteurs sud-am\u00e9ricains et prolong\u00e9 par des responsables publics ayant instaur\u00e9 des politiques qui visent \u00e0 favoriser sa dimension solidaire.<\/p>\n<p>Une \u00e9conomie endog\u00e8ne aux territoires indiquerait que l\u2019\u00e9conomie est subordonn\u00e9e \u00e0 la politique et aux relations sociales, elle ne peut se concevoir comme entit\u00e9 autonome en dehors des institutions de la soci\u00e9t\u00e9. Par leur propre force de travail, ces organisations de base, soucieuses d\u2019une certaine justice sociale, comblent par l\u2019innovation sociale l\u2019absence de dispositifs et d\u2019alternatives politiques. Ainsi la pratique populaire des espaces pourrait \u00eatre abord\u00e9e sous sa forme structurante, \u00e9cosyst\u00e9mique de tiers espaces, par l\u2019\u00e9tude des pratiques de ma\u00eetrise d\u2019usage sur les territoires (cf notre <a href=\"http:\/\/recherche-action.fr\/emancipation-transformation\/archives\/forum-16-10-17\/\" target=\"_blank\" rel=\"noopener\">rencontre du 16 octobre 2017 sur les \u00ab\u00a0espaces d\u2019\u00e9mancipation collective et de transformation sociale<\/a>\u00a0\u00bb).<\/p>\n<p>Notons que les notions de bien des communs, d\u2019\u00e9conomie des communs ou encore d\u2019\u00e9conomie contributive participent \u00e9galement \u00e0 d\u00e9gager de nouvelles perspectives sur la question de la propri\u00e9t\u00e9, de la gestion collective des ressources et la pertinence d\u2019une approche socio\u00e9conomique non \u00e9volutionniste de la pauvret\u00e9 et des in\u00e9galit\u00e9s.<\/p>\n<p>Ces \u00e9cosyst\u00e8mes instituants joueraient un r\u00f4le de r\u00e9gulateur et confirmeraient que l\u2019\u00e9conomie populaire et solidaire n\u2019offre pas simplement un cadre d\u2019analyse, mais aussi d\u2019action. Elle r\u00e9v\u00e8le et l\u00e9gitime la facult\u00e9 des acteurs des territoires \u00ab\u00a0en d\u00e9prise\u00a0\u00bb d\u2019engendrer des contre-mouvements\u00a0pour se prot\u00e9ger eux-m\u00eames et leur environnement de cette menace. Est-ce que ces r\u00e9sistances sociales engendrent d\u2019autres mod\u00e8les entrepreneuriaux\u00a0que ceux qui visent \u00e0 reproduire une structure hi\u00e9rarchique entre classes sociales\u00a0? \u00a0La possibilit\u00e9 de d\u00e9finir la notion d\u2019\u00e9conomie populaire et de provoquer un d\u00e9bat public est donc un enjeu tout aussi \u00e9conomique, scientifique que politique.<\/p>\n<h1>D\u00e9roul\u00e9 de la matin\u00e9e<\/h1>\n<p>Le but du s\u00e9minaire recherche-action est d\u2019outiller les acteurs-chercheurs dans la construction de cadres de pens\u00e9e et d\u2019action. Jean Louis Laville (*) se propose de jouer le r\u00f4le de \u00ab\u00a0grand t\u00e9moin\u00a0\u00bb, amenant des \u00e9l\u00e9ments d\u2019analyse en dialogue avec les exp\u00e9rimentations des acteurs-chercheurs.<\/p>\n<p>9h &#8211; Accueil<\/p>\n<p>9h30 &#8211; Introduction\u00a0du s\u00e9minaire\u00a0: recherche-action et \u00e9conomie populaire, deux espaces d\u2019implication en dialogue par le LISRA<\/p>\n<p>9h45 &#8211; Expos\u00e9\u00a0: Enjeux d\u2019une \u00e9conomie populaire solidaire dans une perspective historique et internationale par Jean-Louis Laville.<\/p>\n<p>L&rsquo;intervention s&rsquo;efforce \u00e0 la fois d&rsquo;identifier les raisons historiques de l&rsquo;invalidation symbolique de l&rsquo;\u00e9conomie populaire et les exp\u00e9riences \u00e9trang\u00e8res qui permettent de penser un soutien public \u00e0 l&rsquo;\u00e9conomie populaire solidaire.<\/p>\n<p>10h30 &#8211; Connaissance pragmatique et scientifique d\u2019une \u00e9conomie populaire \u00e0 travers des exp\u00e9rimentations par la recherche-action sur diff\u00e9rents territoires\u00a0:<\/p>\n<ul>\n<li>\u2022 L\u2019\u00e9conomie populaire des r\u00e9cup\u00e9rateurs vendeurs, marqueurs entre deux conceptions du d\u00e9veloppement (organisation \u00e9conomique, rapport au territoire, comparaison internationale), par le collectif Rues Marchandes.<\/li>\n<li><strong>\u00ab\u00a0MAC &amp; ACRA, deux figures coop\u00e9ratives de p\u00e9rennisation des activit\u00e9s de m\u00e9canique de rue<\/strong>, des pratiques de l\u2019\u00e9conomie populaire ordinaire \u00e0 une variante plus circulaire et\u00a0moins pr\u00e9caire \u00bb, par Abou Ndiaye.<\/li>\n<li><strong>Tentatives de communismes imm\u00e9diats, l\u00e0 o\u00f9 nous vivons<\/strong> : R\u00e9cit d&rsquo;une mise en commun de fonds pour financer des initiatives non-exploiteuses, et pour exp\u00e9rimenter une activit\u00e9 de production avec un salaire sans obligation de travailler. Ici, l\u00e0 o\u00f9 nous vivons, par Nicolas Guerrier par Nicolas Guerrier.<\/li>\n<li>L\u2019\u00e9conomie contributive sur la Plaine Commune : approches conceptuelles et perspectives territoriales, Le mod\u00e8le de contributivit\u00e9 que la Chaire de Recherche tente de porter est bas\u00e9 sur une red\u00e9finition du Travail d\u00e9passant la situation d\u2019emploi, par Clara Drevet et Federico Puletti.<\/li>\n<li>Les \u00ab initiatives citoyennes \u00e9conomiques \u00bb dans le Quartier de l&rsquo;Arianne \u00e0 Nice Des habitants font du troc, de la r\u00e9cup\u00e9ration. Ils am\u00e9nagent quotidiennement, dans l&rsquo;espace public, une zone de gratuit\u00e9 au b\u00e9n\u00e9fice de touTEs, par Christophe Giroguy.<\/li>\n<\/ul>\n<p>11h 30 D\u00e9bat\u00a0: dialogue \u00e0 partir des exp\u00e9riences, aliment\u00e9 par d\u2019autres contributions de la salle<\/p>\n<p>(*) R\u00e9f\u00e9rences biblio : L\u2019\u00e9conomie sociale et solidaire. Pratiques, th\u00e9ories, d\u00e9bats, Seuil, 2016 (Coll Points \u00c9conomie). &#8211; Dictionnaire de l&rsquo;autre \u00e9conomie, Gallimard, 2006 (Coll Folio actuel).<\/p>\n<p style=\"text-align: center;\">Cette rencontre est inscrite au <a href=\"http:\/\/www.lemois-ess.org\/accueil-decouverte\/p2.html\" target=\"_blank\" rel=\"noopener\"><img loading=\"lazy\" decoding=\"async\" class=\"wp-image-188 size-full aligncenter\" src=\"http:\/\/recherche-action.fr\/emancipation-transformation\/wp-content\/uploads\/sites\/16\/2017\/10\/logo_ess.png\" alt=\"\" width=\"125\" height=\"131\" \/><\/a><\/p>\n<div class=\"wpfilebase-file-default\" onclick=\"if('undefined' == typeof event.target.href) document.getElementById('wpfb-file-link-1').click();\">\r\n  <div class=\"icon\"><a href=\"http:\/\/recherche-action.fr\/emancipation-transformation\/download\/171121_Seminaire-RA_Economie-populaire5.pdf\" target=\"_blank\" title=\"Download S\u00e9minaire Recherche-action \u00c9conomie Populaire\"><img decoding=\"async\" align=\"middle\" src=\"http:\/\/recherche-action.fr\/emancipation-transformation\/wp-includes\/images\/crystal\/document.png\" alt=\"S\u00e9minaire Recherche-action \u00c9conomie Populaire\" \/><\/a><\/div>\r\n  <div class=\"filetitle\">\r\n    <a href=\"http:\/\/recherche-action.fr\/emancipation-transformation\/download\/171121_Seminaire-RA_Economie-populaire5.pdf\" title=\"Download S\u00e9minaire Recherche-action \u00c9conomie Populaire\" target=\"_blank\" id=\"wpfb-file-link-1\">S\u00e9minaire Recherche-action \u00c9conomie Populaire<\/a>\r\n    \r\n    <br \/>\r\n    171121_Seminaire-RA_Economie-populaire5.pdf<br \/>\r\n    \r\n  <\/div>\r\n  <div class=\"info\">\r\n    438.2 KiB<br \/>\r\n    1015 Downloads<br \/>\r\n    <a href=\"#\" onclick=\"return wpfilebase_filedetails(1);\">D\u00e9tails<\/a>\r\n  <\/div>\r\n  <div class=\"details\" id=\"wpfilebase-filedetails1\" style=\"display: none;\">\r\n  \r\n  <table border=\"0\">\r\n   \r\n   \r\n   \r\n   \r\n   \r\n   \r\n   <tr><td><strong>Date:<\/strong><\/td><td>30 octobre 2017<\/td><\/tr>\r\n  <\/table>\r\n  <\/div>\r\n <div style=\"clear: both;\"><\/div>\r\n<\/div>\n","protected":false},"excerpt":{"rendered":"<p>Les acteurs-chercheurs du Laboratoire d&rsquo;Innovation Sociale par la Recherche-Action et le collectif Rues Marchandes\u00a0sont heureux de vous inviter au s\u00e9minaire recherche-action en partenariat avec la Maison des Sciences de l\u2019Homme Paris-Nord Entr\u00e9e libre sur inscription Cette rencontre boucle le programme de recherche-action labellis\u00e9 par la MSH PN \u00a0\u00ab\u00a0La biffe comme \u00e9co-d\u00e9veloppement urbain\u00a0: recherche-action pour la [&hellip;]<\/p>\n","protected":false},"author":1,"featured_media":0,"parent":173,"menu_order":0,"comment_status":"closed","ping_status":"closed","template":"full-width.php","meta":{"jetpack_post_was_ever_published":false,"footnotes":""},"class_list":["post-171","page","type-page","status-publish","hentry"],"jetpack_sharing_enabled":true,"jetpack_shortlink":"https:\/\/wp.me\/P99TIZ-2L","post_mailing_queue_ids":[],"_links":{"self":[{"href":"http:\/\/recherche-action.fr\/emancipation-transformation\/wp-json\/wp\/v2\/pages\/171","targetHints":{"allow":["GET"]}}],"collection":[{"href":"http:\/\/recherche-action.fr\/emancipation-transformation\/wp-json\/wp\/v2\/pages"}],"about":[{"href":"http:\/\/recherche-action.fr\/emancipation-transformation\/wp-json\/wp\/v2\/types\/page"}],"author":[{"embeddable":true,"href":"http:\/\/recherche-action.fr\/emancipation-transformation\/wp-json\/wp\/v2\/users\/1"}],"replies":[{"embeddable":true,"href":"http:\/\/recherche-action.fr\/emancipation-transformation\/wp-json\/wp\/v2\/comments?post=171"}],"version-history":[{"count":21,"href":"http:\/\/recherche-action.fr\/emancipation-transformation\/wp-json\/wp\/v2\/pages\/171\/revisions"}],"predecessor-version":[{"id":214,"href":"http:\/\/recherche-action.fr\/emancipation-transformation\/wp-json\/wp\/v2\/pages\/171\/revisions\/214"}],"up":[{"embeddable":true,"href":"http:\/\/recherche-action.fr\/emancipation-transformation\/wp-json\/wp\/v2\/pages\/173"}],"wp:attachment":[{"href":"http:\/\/recherche-action.fr\/emancipation-transformation\/wp-json\/wp\/v2\/media?parent=171"}],"curies":[{"name":"wp","href":"https:\/\/api.w.org\/{rel}","templated":true}]}}