{"id":4337,"date":"2019-07-30T00:25:53","date_gmt":"2019-07-29T22:25:53","guid":{"rendered":"http:\/\/recherche-action.fr\/labo-social\/?page_id=4337"},"modified":"2019-07-30T23:26:07","modified_gmt":"2019-07-30T21:26:07","slug":"travail-de-la-culture","status":"publish","type":"page","link":"http:\/\/recherche-action.fr\/labo-social\/docs\/presentation-du-lisra\/travail-de-la-culture\/","title":{"rendered":"Travail de la culture"},"content":{"rendered":"\n<div class=\"wp-block-themeisle-blocks-advanced-columns alignwide has-2-columns has-desktop-equal-layout has-tablet-equal-layout has-mobile-collapsedRows-layout has-default-gap has-vertical-unset\" id=\"wp-block-themeisle-blocks-advanced-columns-21fccf42\" style=\"border-width:0px;border-style:solid;border-color:#000000;border-radius:0px;justify-content:unset\"><div class=\"wp-themeisle-block-overlay\" style=\"opacity:0.5;mix-blend-mode:normal\"><\/div><div class=\"innerblocks-wrap\">\n<div class=\"wp-block-themeisle-blocks-advanced-column\" id=\"wp-block-themeisle-blocks-advanced-column-96d9b4cf\" style=\"border-width:0px;border-style:solid;border-color:#000000;border-radius:0px\">\n<p>A l&rsquo;origine du LISRA existait le r\u00e9seau \u00ab\u00a0Espaces Populaires de Cr\u00e9ation Culturelle\u00a0\u00bb compos\u00e9 essentiellement d&rsquo;acteurs culturels et d&rsquo;artistes.<\/p>\n\n\n\n<p>La d\u00e9marche artistique et la d\u00e9marche de recherche-action ont en commun l\u2019exp\u00e9rimentation, l\u2019atelier, la r\u00e9flexivit\u00e9, des formes collaboratives, des jeux d\u2019interactions, la cr\u00e9ation de situations. Nous proposons d\u2019aborder ces \u00e9l\u00e9ments et ce qu\u2019ils nous apprennent quant aux modes d\u2019implication de l\u2019art et de la recherche en soci\u00e9t\u00e9. Cette d\u00e9marche provoque un d\u00e9calage et par cons\u00e9quent un espace d\u2019o\u00f9 les points de vue peuvent s\u2019interchanger, o\u00f9 la r\u00e9alit\u00e9 peut \u00eatre discut\u00e9e, o\u00f9 des horizons d\u2019attente sont modifi\u00e9s, des perspectives renouvel\u00e9es, notamment dans son positionnement socioprofessionnel en tant  qu\u2019agent, acteur, auteur\u2026 Bref, cela produit de nouveaux savoirs appropriables, des savoirs issus de pratiques instituantes ou peu institu\u00e9es qui questionnent le r\u00f4le des institutions et des lieux de pouvoir\/savoirs dans la mani\u00e8re de d\u00e9finir nos cadres de vie, de pens\u00e9e, d\u2019action et d\u2019\u00e9criture d\u2019un r\u00e9cit collectif.<\/p>\n\n\n\n<p>Le travail de la culture est un processus d&rsquo;\u00e9mancipation et\nde transformation structurant en recherche-action. Il ouvre des espaces\nd&rsquo;hybridation. Ce n\u2019est donc pas un hasard si des acteurs culturels et\nartistiques ont contribu\u00e9 fortement \u00e0 l&rsquo;exp\u00e9rimentation comme ceux de la\nculture hip-hop et d\u2019autres pratiques urbaines. Nous avons ainsi particip\u00e9 \u00e0\nune universit\u00e9 populaire des cultures urbaines avec l&rsquo;association M\u00e9tissage\n(banlieue parisienne) ou la mise en r\u00e9flexivit\u00e9 d&rsquo;un\nr\u00e9seau d&rsquo;acteurs autour de la question des lieux culturels<a href=\"#_ftn1\">[1]<\/a>.<\/p>\n\n\n\n<p>Pendant plusieurs ann\u00e9es nous avons organis\u00e9 des \u00ab&nbsp;Journ\u00e9e\nInterstice&nbsp;\u00bb, dispositif intercalaire dans&nbsp;\nun rapport diff\u00e9rents aux territoires invitant les acteurs \u00e0 faire un pas\nde pas de c\u00f4t\u00e9, provoquant &nbsp;une d\u00e9marche\ncr\u00e9ative o\u00f9 l\u2019on s\u2019autorise \u00e0 exp\u00e9rimenter de nouveaux cadres de pens\u00e9e et\nd\u2019action<a href=\"#_ftn2\">[2]<\/a>.<\/p>\n\n\n\n<p>\u00c0 travers les organisations en r\u00e9seau, il s\u2019agit de\nl\u00e9gitimer la production de savoirs une \u00ab&nbsp;pens\u00e9e politique de la culture&nbsp;\u00bb\nsusceptible d\u2019influencer les politiques publiques. C\u2019est en cela que nous\nrejoignons et accompagnons des dispositifs \u00e0 la crois\u00e9e de l\u2019\u00e9ducation\npopulaire et de l&rsquo;action culturelle comme les ateliers r\u00e9sidences&nbsp;:\natelier d\u2019\u00e9criture de Peuple et Culture \u00e0 Montpellier, atelier artistique dans\nles foyers d\u2019Emma\u00fcs, atelier r\u00e9sidences dans les quartiers populaires \u00e0\nStrasbourg, Bordeaux, Amiens, Dunkerque\u2026 R\u00f4le de la culture avec les centres\nsociaux et culturels de Gironde, etc. Ces recherches-actions interrogent aussi\nbien les notions de lieux interstitiels comme les friches et les squats,\nl\u2019instauration de modes de cr\u00e9ation et de diffusion ind\u00e9pendants renfor\u00e7ant le\npositon de co-auteur des acteurs, les logiques de d\u00e9veloppement culturel aussi\nbien dans les zones \u00e0 forte densit\u00e9 urbaine comme la Goutte d\u2019Or \u00e0 Paris que\ndans la cha\u00eene montagneuse de Belledonne entre Grenoble et Chamb\u00e9ry<a href=\"#_ftn3\">[3]<\/a>\u2026<br><\/p>\n\n\n\n<hr class=\"wp-block-separator\"\/>\n\n\n\n<p><a href=\"#_ftnref1\">[1]<\/a> <a rel=\"noreferrer noopener\" aria-label=\"\u00c9pop\u00e9e hip-hop, quand les acteurs prennent la parole (opens in a new tab)\" href=\"http:\/\/metissage94.fr\/wp-content\/uploads\/2014\/12\/Epop%C3%A9e-Hip-Hop-quand-les-acteurs-prennent-la-parole.pdf\" target=\"_blank\">\u00c9pop\u00e9e hip-hop, quand les acteurs prennent la parole<\/a>, 2014.<\/p>\n\n\n\n<p><a href=\"#_ftnref2\">[2]<\/a>\n\u00ab&nbsp;Culture et territoire&nbsp;\u00bb, 2008, <a href=\"http:\/\/recherche-action.fr\/labo-social\/download\/LISRA\/Journ%C3%A9e-Interstice_Paris_6oct08.pdf\">http:\/\/recherche-action.fr\/labo-social\/download\/LISRA\/Journ%C3%A9e-Interstice_Paris_6oct08.pdf<\/a><\/p>\n\n\n\n<p>\u00ab&nbsp;Rapport sensible et esth\u00e9tique aux\nterritoires&nbsp;\u00bb, 2009 : <a href=\"http:\/\/recherche-action.fr\/labo-social\/download\/LISRA\/Culture-territoire-Journe-Interstice_2juil09.pdf\">http:\/\/recherche-action.fr\/labo-social\/download\/LISRA\/Culture-territoire-Journe-Interstice_2juil09.pdf<\/a><\/p>\n\n\n\n<p><a href=\"#_ftnref3\">[3]<\/a>\nhttp:\/\/recherche-action.fr\/rob<\/p>\n<\/div>\n\n\n\n<div class=\"wp-block-themeisle-blocks-advanced-column\" id=\"wp-block-themeisle-blocks-advanced-column-8a5f2914\" style=\"border-width:0px;border-style:solid;border-color:#000000;border-radius:0px\"><\/div>\n<\/div><\/div>\n","protected":false},"excerpt":{"rendered":"","protected":false},"author":1,"featured_media":0,"parent":771,"menu_order":0,"comment_status":"closed","ping_status":"closed","template":"","meta":{"footnotes":"","_links_to":"","_links_to_target":""},"class_list":["post-4337","page","type-page","status-publish","hentry"],"jetpack_sharing_enabled":true,"jetpack_shortlink":"https:\/\/wp.me\/P3rD7a-17X","jetpack-related-posts":[{"id":5056,"url":"http:\/\/recherche-action.fr\/labo-social\/manifeste\/","url_meta":{"origin":4337,"position":0},"title":"Manifeste","author":"Hugues Bazin","date":"10 septembre 2022","format":false,"excerpt":"(adh\u00e9sion au manifeste en fin de page) La recherche-action en laboratoire social tel qu\u2019elle est instaur\u00e9e par le LISRA depuis une quinzaine d\u2019ann\u00e9es correspond \u00e0 des besoins urgents pour les populations de se saisir des outils de la recherche afin de d\u00e9velopper ses propres expertises en r\u00e9ponse aux crises actuelles,\u2026","rel":"","context":"Article similaire","block_context":{"text":"Article similaire","link":""},"img":{"alt_text":"","src":"","width":0,"height":0},"classes":[]},{"id":4344,"url":"http:\/\/recherche-action.fr\/labo-social\/docs\/presentation-du-lisra\/ecriture-reflexive\/","url_meta":{"origin":4337,"position":1},"title":"\u00c9criture r\u00e9flexive","author":"Hugues Bazin","date":"30 juillet 2019","format":false,"excerpt":"Nous avons cr\u00e9\u00e9 depuis 2002 une plate-forme ressources www.recherche\u2013action.fr incitant \u00e0 une mise en \u00e9criture de ces r\u00e9cits individuels et collectifs. Bien que l\u2019\u00e9criture ne soit pas le seul support, elle reste le moyen privil\u00e9gi\u00e9 pour nourrir ce processus qui se concr\u00e9tise par des ateliers de recherche-action sur les lieux\u2026","rel":"","context":"Article similaire","block_context":{"text":"Article similaire","link":""},"img":{"alt_text":"","src":"","width":0,"height":0},"classes":[]},{"id":771,"url":"http:\/\/recherche-action.fr\/labo-social\/docs\/presentation-du-lisra\/","url_meta":{"origin":4337,"position":2},"title":"Pr\u00e9sentation","author":"Hugues Bazin","date":"4 janvier 2016","format":false,"excerpt":"Laboratoire d'Innovation Sociale par la Recherche-Action (LISRA) est une association 1901 issue d\u2019un r\u00e9seau \u00ab acteurs-chercheurs \u00bb qui s\u2019est d\u00e9velopp\u00e9 depuis une dizaine d\u2019ann\u00e9es. Ce sont des personnes ayant diff\u00e9rents parcours socioprofessionnels et qui adoptent dans leur cadre d\u2019activit\u00e9s une d\u00e9marche recherche-action tout en se reconnaissant dans manifeste. Pr\u00e9sentation du\u2026","rel":"","context":"Article similaire","block_context":{"text":"Article similaire","link":""},"img":{"alt_text":"","src":"","width":0,"height":0},"classes":[]},{"id":4449,"url":"http:\/\/recherche-action.fr\/labo-social\/docs\/mots-clefs\/tiers-espace\/","url_meta":{"origin":4337,"position":3},"title":"Tiers espace","author":"Hugues Bazin","date":"1 ao\u00fbt 2019","format":false,"excerpt":"Les tiers-espaces comme \u00ab\u00a0hors-lieux\u00a0\u00bb provoquent des effets de d\u00e9calages et de bordures, ils offrent la possibilit\u00e9 de nourrir une analyse critique sur la notion de \u00ab\u00a0tiers\u00a0\u00bb comme celle de \u00ab\u00a0lieu\u00a0\u00bb, de faciliter un croisement et une diffusion des savoirs \u00e0 partir des pratiques et d\u2019imaginer d\u2019autres sc\u00e9narios de d\u00e9veloppement que\u2026","rel":"","context":"Article similaire","block_context":{"text":"Article similaire","link":""},"img":{"alt_text":"","src":"","width":0,"height":0},"classes":[]},{"id":4350,"url":"http:\/\/recherche-action.fr\/labo-social\/docs\/presentation-du-lisra\/experimentations-sociales\/","url_meta":{"origin":4337,"position":4},"title":"Exp\u00e9rimentations sociales","author":"Hugues Bazin","date":"30 juillet 2019","format":false,"excerpt":"Nous essayons de faire en sorte que les acteurs trouvent les moyens et la libert\u00e9 d\u2019ouvrir l\u00e0 o\u00f9 ils sont dans leur cadre professionnel ou militant l\u2019espace d\u2019une r\u00e9flexivit\u00e9. La singularit\u00e9 de notre approche derri\u00e8re la notion de \u00ab labo social \u00bb est de mettre ces acteurs en position de\u2026","rel":"","context":"Article similaire","block_context":{"text":"Article similaire","link":""},"img":{"alt_text":"","src":"","width":0,"height":0},"classes":[]},{"id":180,"url":"http:\/\/recherche-action.fr\/labo-social\/docs\/methodo\/les-labos-sociaux\/","url_meta":{"origin":4337,"position":5},"title":"Les labos sociaux","author":"Hugues Bazin","date":"25 d\u00e9cembre 2013","format":false,"excerpt":"Principes Le laboratoire social d\u00e9crit le dispositif qui combine les champs d\u2019application de la recherche-action, de la formation-action et de l\u2019exp\u00e9rimentation sociale. Une acception large consid\u00e8re \u00ab\u00a0laboratoire social\u00a0\u00bb toute situation sociale singuli\u00e8re ou originale dont on peut extraire une connaissance qui nous \u00e9claire sur des questions de soci\u00e9t\u00e9. L\u2019approche scientifique\u2026","rel":"","context":"Avec 1 commentaire","block_context":{"text":"Avec 1 commentaire","link":"http:\/\/recherche-action.fr\/labo-social\/docs\/methodo\/les-labos-sociaux\/#comments"},"img":{"alt_text":"cycle exp\u00e9","src":"https:\/\/i0.wp.com\/recherche-action.fr\/labo-social\/files\/2013\/12\/cycle-exp%C3%A9.jpg?resize=350%2C200","width":350,"height":200,"srcset":"https:\/\/i0.wp.com\/recherche-action.fr\/labo-social\/files\/2013\/12\/cycle-exp%C3%A9.jpg?resize=350%2C200 1x, https:\/\/i0.wp.com\/recherche-action.fr\/labo-social\/files\/2013\/12\/cycle-exp%C3%A9.jpg?resize=525%2C300 1.5x, https:\/\/i0.wp.com\/recherche-action.fr\/labo-social\/files\/2013\/12\/cycle-exp%C3%A9.jpg?resize=700%2C400 2x, https:\/\/i0.wp.com\/recherche-action.fr\/labo-social\/files\/2013\/12\/cycle-exp%C3%A9.jpg?resize=1050%2C600 3x"},"classes":[]}],"post_mailing_queue_ids":[],"_links":{"self":[{"href":"http:\/\/recherche-action.fr\/labo-social\/wp-json\/wp\/v2\/pages\/4337","targetHints":{"allow":["GET"]}}],"collection":[{"href":"http:\/\/recherche-action.fr\/labo-social\/wp-json\/wp\/v2\/pages"}],"about":[{"href":"http:\/\/recherche-action.fr\/labo-social\/wp-json\/wp\/v2\/types\/page"}],"author":[{"embeddable":true,"href":"http:\/\/recherche-action.fr\/labo-social\/wp-json\/wp\/v2\/users\/1"}],"replies":[{"embeddable":true,"href":"http:\/\/recherche-action.fr\/labo-social\/wp-json\/wp\/v2\/comments?post=4337"}],"version-history":[{"count":3,"href":"http:\/\/recherche-action.fr\/labo-social\/wp-json\/wp\/v2\/pages\/4337\/revisions"}],"predecessor-version":[{"id":4349,"href":"http:\/\/recherche-action.fr\/labo-social\/wp-json\/wp\/v2\/pages\/4337\/revisions\/4349"}],"up":[{"embeddable":true,"href":"http:\/\/recherche-action.fr\/labo-social\/wp-json\/wp\/v2\/pages\/771"}],"wp:attachment":[{"href":"http:\/\/recherche-action.fr\/labo-social\/wp-json\/wp\/v2\/media?parent=4337"}],"curies":[{"name":"wp","href":"https:\/\/api.w.org\/{rel}","templated":true}]}}