{"id":29,"date":"2021-05-04T21:52:36","date_gmt":"2021-05-04T19:52:36","guid":{"rendered":"http:\/\/recherche-action.fr\/manufabrik\/?page_id=29"},"modified":"2021-05-04T22:08:43","modified_gmt":"2021-05-04T20:08:43","slug":"actualite-1","status":"publish","type":"page","link":"http:\/\/recherche-action.fr\/manufabrik\/actualite-1\/","title":{"rendered":"Dynamique territoriale \u00e0 Encagnane"},"content":{"rendered":"\n<p>Au sein du quartier d&rsquo;Encagnane, la ManuFabriK intervient en appui \u00e0 un collectif d&rsquo;habitants depuis pr\u00e8s de 3 ans. Aujourd&rsquo;hui, ce collectif a cr\u00e9\u00e9 une association La Cabane des Voisins et s&rsquo;investit pleinement dans un projet de Tiers Lieu.<\/p>\n","protected":false},"excerpt":{"rendered":"<p>Au sein du quartier d&rsquo;Encagnane, la ManuFabriK intervient en appui \u00e0 un collectif d&rsquo;habitants depuis pr\u00e8s de 3 ans. Aujourd&rsquo;hui, ce collectif a cr\u00e9\u00e9 une association La Cabane des Voisins et s&rsquo;investit pleinement dans un projet de Tiers Lieu.<\/p>\n","protected":false},"author":94,"featured_media":0,"parent":0,"menu_order":0,"comment_status":"closed","ping_status":"closed","template":"","meta":{"footnotes":""},"class_list":["post-29","page","type-page","status-publish","hentry"],"_links":{"self":[{"href":"http:\/\/recherche-action.fr\/manufabrik\/wp-json\/wp\/v2\/pages\/29","targetHints":{"allow":["GET"]}}],"collection":[{"href":"http:\/\/recherche-action.fr\/manufabrik\/wp-json\/wp\/v2\/pages"}],"about":[{"href":"http:\/\/recherche-action.fr\/manufabrik\/wp-json\/wp\/v2\/types\/page"}],"author":[{"embeddable":true,"href":"http:\/\/recherche-action.fr\/manufabrik\/wp-json\/wp\/v2\/users\/94"}],"replies":[{"embeddable":true,"href":"http:\/\/recherche-action.fr\/manufabrik\/wp-json\/wp\/v2\/comments?post=29"}],"version-history":[{"count":2,"href":"http:\/\/recherche-action.fr\/manufabrik\/wp-json\/wp\/v2\/pages\/29\/revisions"}],"predecessor-version":[{"id":35,"href":"http:\/\/recherche-action.fr\/manufabrik\/wp-json\/wp\/v2\/pages\/29\/revisions\/35"}],"wp:attachment":[{"href":"http:\/\/recherche-action.fr\/manufabrik\/wp-json\/wp\/v2\/media?parent=29"}],"curies":[{"name":"wp","href":"https:\/\/api.w.org\/{rel}","templated":true}]}}