{"id":4350,"date":"2019-07-30T01:27:31","date_gmt":"2019-07-29T23:27:31","guid":{"rendered":"http:\/\/recherche-action.fr\/labo-social\/?page_id=4350"},"modified":"2019-07-31T00:36:29","modified_gmt":"2019-07-30T22:36:29","slug":"experimentations-sociales","status":"publish","type":"page","link":"https:\/\/recherche-action.fr\/labo-social\/docs\/presentation-du-lisra\/experimentations-sociales\/","title":{"rendered":"Exp\u00e9rimentations sociales"},"content":{"rendered":"\n<div class=\"wp-block-themeisle-blocks-advanced-columns has-1-columns has-desktop-equal-layout has-tablet-equal-layout has-mobile-equal-layout has-default-gap has-vertical-unset\" id=\"wp-block-themeisle-blocks-advanced-columns-a7889b59\" style=\"border-width:0px;border-style:solid;border-color:#000000;border-radius:0px;justify-content:unset\"><div class=\"wp-themeisle-block-overlay\" style=\"opacity:0.5;mix-blend-mode:normal\"><\/div><div class=\"innerblocks-wrap\">\n<div class=\"wp-block-themeisle-blocks-advanced-column\" id=\"wp-block-themeisle-blocks-advanced-column-dce5a6df\" style=\"border-width:0px;border-style:solid;border-color:#000000;border-radius:0px\">\n<p>Nous essayons de faire en sorte que les acteurs trouvent les moyens et la libert\u00e9 d\u2019ouvrir l\u00e0 o\u00f9 ils sont dans leur cadre professionnel ou militant l\u2019espace d\u2019une r\u00e9flexivit\u00e9. La singularit\u00e9 de notre approche derri\u00e8re la notion de \u00ab labo social \u00bb est de mettre ces acteurs en position de commanditaires de la recherche, renversant ainsi la proposition leur permettant de n\u2019\u00eatre pas objets, mais bien sujets de la recherche.<\/p>\n\n\n\n<p>Les opportunit\u00e9s de mise en place d\u2019un laboratoire social sont vari\u00e9es. Il n\u2019\u00e9merge pas d\u2019une commande qui vient du haut vers le bas, mais d\u2019une mise en situation collective autour d\u2019une pratique, d\u2019un enjeu, d\u2019une lutte. Ce sont des espaces \u00ab instituants \u00bb puisqu\u2019ils cr\u00e9ent leurs propres normes pour d\u00e9finir leur cadre d\u2019exp\u00e9rience.<\/p>\n\n\n\n<p>Cette mani\u00e8re de proc\u00e9der en laboratoire social facilite le croisement et la rencontre de profils sociaux et professionnels tr\u00e8s diff\u00e9rents : dipl\u00f4m\u00e9s et sans dipl\u00f4me, ruraux ou urbains, salari\u00e9s ou ind\u00e9pendants pr\u00e9caires de milieux professionnels vari\u00e9s (artistes, travailleurs sociaux, architectes, animateurs de l\u2019\u00e9ducation populaire, militants en collectif et autres acteurs non affili\u00e9s). Les espaces qui accueillent une telle diversit\u00e9 ne sont pas si fr\u00e9quents, et cette dimension trans-sectorielle et trans-disciplinaire facilite une approche en termes d\u2019\u00e9cosyst\u00e8me et de complexit\u00e9 au plus proche de la r\u00e9alit\u00e9 de la vie sociale contemporaine.<\/p>\n\n\n\n<p>Nous pr\u00e9figurions d\u00e8s le d\u00e9but des ann\u00e9es\n2000 dans une soci\u00e9t\u00e9 en mutation la n\u00e9cessit\u00e9 de reconna\u00eetre des \u00ab&nbsp;espaces\ninterm\u00e9diaires de l\u2019existence&nbsp;\u00bb qui questionnent notre rapport au travail\net repositionne notre implication socioprofessionnelle<a href=\"#_ftn1\">[1]<\/a>.\nNous disions \u00e9galement que c\u2019est dans la pratique d\u2019espaces \u00ab&nbsp;interstitiels&nbsp;\u00bb\nou de \u00ab&nbsp;tiers espaces&nbsp;\u00bb que se d\u00e9gage une force \u00ab&nbsp;instituante&nbsp;\u00bb\namenant \u00e0 penser la r\u00e9alit\u00e9 autrement et par cons\u00e9quent agir sur elle&nbsp;: structurer\net reconfigurer nos mani\u00e8res de faire collectif, de faire territoire, partager\net g\u00e9rer des ressources du commun, d\u00e9velopper une analyse critique des rapports\nsociaux et de concevoir autrement un d\u00e9veloppement, etc.<\/p>\n\n\n\n<p>Nous poursuivons toujours aujourd\u2019hui l\u2019exploration de ces espaces qui pour certains ont pris le label \u00ab\u00a0tiers lieux\u00a0\u00bb, tandis que d\u2019autres pr\u00e9f\u00e8rent garder leur ind\u00e9pendance vis-\u00e0-vis de ces formes de cat\u00e9gorisation en s\u2019affirmant dans une logique de tiers espace comme la \u00ab\u00a0<a href=\"https:\/\/lachimerecitoyenne.org\/\" target=\"_blank\" rel=\"noreferrer noopener\" aria-label=\"Chim\u00e8re citoyenne (opens in a new tab)\">Chim\u00e8re citoyenne<\/a>\u00a0\u00bb \u00e0 Grenoble, ou le lieu de \u00ab\u00a0<a rel=\"noreferrer noopener\" aria-label=\"L\u2019Utopie (opens in a new tab)\" href=\"http:\/\/recherche-action.fr\/lamorcage\" target=\"_blank\">L\u2019Utopie<\/a>\u00a0\u00bb dans les quartiers nord de Nice, ou encore se croisent avec des mouvements comme celui de la p\u00e9dagogie sociale port\u00e9e par l\u2019association <a rel=\"noreferrer noopener\" aria-label=\"Interm\u00e8des (opens in a new tab)\" href=\"http:\/\/recherche-action.fr\/intermedes\" target=\"_blank\">Interm\u00e8des<\/a> en milieu ouvert aux pieds des immeubles ou dans les bidonvilles Roms dans la r\u00e9gion parisienne. \u00a0Une initiatives appel\u00e9s \u00ab\u00a0<a href=\"http:\/\/recherche-action.fr\/parcours-bruts\">Parcours-Bruts<\/a>\u00a0\u00bbtrace les trajectoires et les exp\u00e9riences de vie, par-del\u00e0 les repr\u00e9sentations. Cette d\u00e9marche vise \u00e0 la fois \u00e0 r\u00e9pondre \u00e0 l\u2019interrogation \u00ab de quoi notre soci\u00e9t\u00e9 est-elle faite ? \u00bb et \u00e0 la fois \u00e0 faciliter l\u2019\u00e9mergence de pens\u00e9es et de paroles qui d\u2019ordinaire se taisent. L\u2019organisation d\u2019un forum \u00e0 la MSH Paris Nord en octobre 2017 sur \u00ab\u00a0<a rel=\"noreferrer noopener\" aria-label=\"les espaces d\u2019\u00e9mancipation collective et de transformation social (opens in a new tab)\" href=\"http:\/\/recherche-action.fr\/emancipation-transformation\" target=\"_blank\">les espaces d\u2019\u00e9mancipation collective et de transformation social<\/a>e\u00a0\u00bb regroupant une quinzaine d\u2019exp\u00e9riences autour du r\u00e9seau recherche-action alimentera un nouveau num\u00e9ro des Cahiers de l\u2019action de l\u2019Injep bouclant ainsi ce cycle d\u2019une quinzaine d\u2019ann\u00e9es.<\/p>\n\n\n\n<p>La question du rapport au travail et des alternatives\n\u00e9conomiques dans ces espaces de cr\u00e9ativit\u00e9 populaire confront\u00e9e \u00e0 la pr\u00e9carit\u00e9\nest devenue une pr\u00e9occupation centrale dans nos d\u00e9marches en recherche-action.\nCette question porte \u00e0 la fois sur le domaine d\u2019un d\u00e9veloppement endog\u00e8ne des\nterritoires et sur les mod\u00e8les \u00e9conomiques de structuration des acteurs.<\/p>\n\n\n\n<p>C\u2019est ainsi que nous d\u00e9veloppons depuis quatre ans une recherche-action autour des r\u00e9cup\u00e9rateurs vendeurs de rue que nous \u00e9largissons \u00e0 travers un collectif appel\u00e9 \u00ab\u00a0<a href=\"http:\/\/recherche-action.fr\/ruesmarchandes\" target=\"_blank\" rel=\"noreferrer noopener\" aria-label=\"Rues Marchandes (opens in a new tab)\">Rues Marchandes<\/a>\u00a0\u00bb \u00e0 d\u2019autres pratiques d\u2019une \u00e9conomie qui ne se limite pas \u00e0 la survie, mais pose la question de la mobilisation des acteurs puisant dans les ressources d\u2019un territoire pour r\u00e9pondre par des services aux besoins du territoire. Nous appelons ce d\u00e9veloppement endog\u00e8ne \u00ab\u00a0\u00e9conomie populaire\u00a0\u00bb, une notion tr\u00e8s peu d\u00e9velopp\u00e9e dans les pays du Nord, mais beaucoup plus avanc\u00e9e en termes de r\u00e9flexion et d\u2019exp\u00e9rimentation dans les pays du Sud, notamment en Am\u00e9rique latine. Nous aimerions ainsi exp\u00e9rimenter le principe de \u00ab\u00a0clusters populaires\u00a0\u00bb qui questionnent selon une autre coh\u00e9rence partant du \u00ab\u00a0bas\u00a0\u00bb, d\u2019une ma\u00eetrise d\u2019usage vers une ma\u00eetrise d&rsquo;ouvrage, le domaine de l\u2019\u00e9conomie sociale, de l\u2019entreprenariat social ou de l\u2019innovation sociale.<\/p>\n\n\n\n<p>Dans le Limousin s\u2019est mis en place un <a rel=\"noreferrer noopener\" aria-label=\"dispositif original (opens in a new tab)\" href=\"http:\/\/autographie.org\/cycletravail\/\" target=\"_blank\">dispositif original<\/a> de rencontres sur la question du travail\u00a0qui se con\u00e7oit comme un espace d\u2019autoformation o\u00f9 l\u2019on met en r\u00e9sonance, en d\u00e9bat, les v\u00e9cus du travail et des recherches\u00a0: \u00ab\u00a0un espace hors du temps de travail pour mieux le transformer, provoquer une rencontre entre des milieux qui ont un rapport au travail diff\u00e9rent (travailleurs, ch\u00f4meurs, retrait\u00e9s\u2026) et de les faire interagir, dans un autre lieu que celui de l\u2019entreprise\u00a0\u00bb.<br><\/p>\n\n\n\n<hr class=\"wp-block-separator\"\/>\n\n\n\n<p><a href=\"#_ftnref1\">[1]<\/a>\nJourn\u00e9e d\u2019\u00e9tude \u00ab&nbsp;De la formation du sujet aux d\u00e9marches interdisciplinaires&nbsp;\u00bb,\nhttp:\/\/www.artfactories.net\/IMG\/pdf\/Actes-Rencontre-12_dec-20_1.pdf<\/p>\n<\/div>\n<\/div><\/div>\n","protected":false},"excerpt":{"rendered":"","protected":false},"author":1,"featured_media":0,"parent":771,"menu_order":0,"comment_status":"closed","ping_status":"closed","template":"","meta":{"footnotes":"","_links_to":"","_links_to_target":""},"class_list":["post-4350","page","type-page","status-publish","hentry"],"jetpack_sharing_enabled":true,"jetpack_shortlink":"https:\/\/wp.me\/P3rD7a-18a","jetpack-related-posts":[],"post_mailing_queue_ids":[],"_links":{"self":[{"href":"https:\/\/recherche-action.fr\/labo-social\/wp-json\/wp\/v2\/pages\/4350","targetHints":{"allow":["GET"]}}],"collection":[{"href":"https:\/\/recherche-action.fr\/labo-social\/wp-json\/wp\/v2\/pages"}],"about":[{"href":"https:\/\/recherche-action.fr\/labo-social\/wp-json\/wp\/v2\/types\/page"}],"author":[{"embeddable":true,"href":"https:\/\/recherche-action.fr\/labo-social\/wp-json\/wp\/v2\/users\/1"}],"replies":[{"embeddable":true,"href":"https:\/\/recherche-action.fr\/labo-social\/wp-json\/wp\/v2\/comments?post=4350"}],"version-history":[{"count":1,"href":"https:\/\/recherche-action.fr\/labo-social\/wp-json\/wp\/v2\/pages\/4350\/revisions"}],"predecessor-version":[{"id":4356,"href":"https:\/\/recherche-action.fr\/labo-social\/wp-json\/wp\/v2\/pages\/4350\/revisions\/4356"}],"up":[{"embeddable":true,"href":"https:\/\/recherche-action.fr\/labo-social\/wp-json\/wp\/v2\/pages\/771"}],"wp:attachment":[{"href":"https:\/\/recherche-action.fr\/labo-social\/wp-json\/wp\/v2\/media?parent=4350"}],"curies":[{"name":"wp","href":"https:\/\/api.w.org\/{rel}","templated":true}]}}