{"id":369,"date":"2023-02-21T16:34:09","date_gmt":"2023-02-21T15:34:09","guid":{"rendered":"https:\/\/recherche-action.fr\/limay\/?page_id=369"},"modified":"2023-02-21T21:27:20","modified_gmt":"2023-02-21T20:27:20","slug":"demarche","status":"publish","type":"page","link":"https:\/\/recherche-action.fr\/limay\/demarche\/","title":{"rendered":"D\u00e9marche"},"content":{"rendered":"\n<p>Le dispositif <a rel=\"noreferrer noopener\" href=\"https:\/\/www.ville-limay.fr\/limay-obtient-le-label-cite-educative\/\" target=\"_blank\">Cit\u00e9 \u00e9ducative de la ville de Limay<\/a> a missionn\u00e9 <a rel=\"noreferrer noopener\" href=\"https:\/\/recherche-action.fr\/hugues-bazin\/\" target=\"_blank\">Hugues Bazin<\/a>, chercheur en sciences sociales, sur le domaine de la parentalit\u00e9, et plus pr\u00e9cis\u00e9ment sur la question de la participation des familles. Il rencontre dans ce cadre les acteurs socio-\u00e9ducatifs pour recueillir leurs exp\u00e9riences et leurs attentes dans la perspective d\u2019\u00e9tablir des pr\u00e9conisations et accompagner des exp\u00e9rimentations avec les familles dans une d\u00e9marche de recherche-action.<\/p>\n\n\n<div id=\"ez-toc-container\" class=\"ez-toc-v2_0_82_2 counter-hierarchy ez-toc-counter ez-toc-light-blue ez-toc-container-direction\">\n<div class=\"ez-toc-title-container\">\n<p class=\"ez-toc-title\" style=\"cursor:inherit\">Sommaire<\/p>\n<span class=\"ez-toc-title-toggle\"><\/span><\/div>\n<nav><ul class='ez-toc-list ez-toc-list-level-1 ' ><li class='ez-toc-page-1 ez-toc-heading-level-1'><a class=\"ez-toc-link ez-toc-heading-1\" href=\"https:\/\/recherche-action.fr\/limay\/demarche\/#Principe_generaux\" >Principe g\u00e9n\u00e9raux<\/a><\/li><li class='ez-toc-page-1 ez-toc-heading-level-1'><a class=\"ez-toc-link ez-toc-heading-2\" href=\"https:\/\/recherche-action.fr\/limay\/demarche\/#Une_approche_globale\" >Une approche globale<\/a><\/li><li class='ez-toc-page-1 ez-toc-heading-level-1'><a class=\"ez-toc-link ez-toc-heading-3\" href=\"https:\/\/recherche-action.fr\/limay\/demarche\/#Methodologie\" >M\u00e9thodologie<\/a><\/li><\/ul><\/nav><\/div>\n\n\n\n\n<h1 class=\"wp-block-heading\"><span class=\"ez-toc-section\" id=\"Principe_generaux\"><\/span>Principe g\u00e9n\u00e9raux<span class=\"ez-toc-section-end\"><\/span><\/h1>\n\n\n\n<p>Afin de r\u00e9pondre au mieux \u00e0 la demande de \u00ab la mise en place d\u2019un diagnostic territorial partag\u00e9 et d\u2019un plan d\u2019actions sur la parentalit\u00e9 \u00bb, nous proposons une d\u00e9marche de recherche-action, qui s\u2019av\u00e8re d\u2019autant plus pertinente pour favoriser la participation de tous les acteurs, valoriser leurs contributions et trouver des \u00e9l\u00e9ments de proposition.<br>Effectivement, le but de la recherche-action est d\u2019offrir la possibilit\u00e9 pour les populations concern\u00e9es de valoriser un savoir issu d\u2019un travail r\u00e9flexif sur leur propre exp\u00e9rience dans leur parcours de vie et dans les exp\u00e9rimentations qu\u2019elles pourront d\u00e9velopper sur le territoire.<br>Nous partons ainsi du principe qu\u2019il ne peut avoir de participation effective des familles et des jeunes sans prise en compte de la globalit\u00e9 de leur situation et d\u2019un r\u00e9el pouvoir de leur part sur l\u2019orientation du processus de recherche et d\u2019action.<br>Dans cette perspective, la d\u00e9marche vise \u00e0 cr\u00e9er par \u00e9tapes un collectif d\u2019acteurs-chercheurs (professionnels, acteurs associatifs, habitants) susceptible d\u2019animer le processus est d\u2019\u00eatre reconnu sur le territoire dans sa capacit\u00e9 d\u2019expertise. Le programme doit donc veiller dans la mesure du possible \u00e0 obtenir des moyens pour que les personnes int\u00e9ress\u00e9es puissent n\u00e9gocier cet espace-temps d\u2019investissement suivant leur situation socioprofessionnelle.<br>Il est important que chacun puisse se saisir \u00e0 tout moment de la proposition de recherche-action, favoriser un \u00e9change des savoirs (exp\u00e9rientiel, technicien, scientifique), assurer un r\u00f4le d\u2019interm\u00e9diation entre innovations sociale et le cadre institutionnel de leur p\u00e9rennisation. Ce site web propose un support dans ce sens : donner une visibilit\u00e9 \u00e0 une autre g\u00e9ographie sociale du territoire avec une d\u00e9marche participative des acteurs et offrir une plate-forme ressources sur les m\u00e9thodologies les probl\u00e9matiques abord\u00e9es<\/p>\n\n\n\n<h1 class=\"wp-block-heading\"><span class=\"ez-toc-section\" id=\"Une_approche_globale\"><\/span>Une approche globale<span class=\"ez-toc-section-end\"><\/span><\/h1>\n\n\n\n<figure class=\"wp-block-image size-large\"><img fetchpriority=\"high\" decoding=\"async\" width=\"1024\" height=\"957\" src=\"http:\/\/recherche-action.fr\/limay\/wp-content\/uploads\/sites\/25\/2023\/02\/limay-RA-1024x957.jpg\" alt=\"\" class=\"wp-image-316\" srcset=\"https:\/\/recherche-action.fr\/limay\/wp-content\/uploads\/sites\/25\/2023\/02\/limay-RA-1024x957.jpg 1024w, https:\/\/recherche-action.fr\/limay\/wp-content\/uploads\/sites\/25\/2023\/02\/limay-RA-300x280.jpg 300w, https:\/\/recherche-action.fr\/limay\/wp-content\/uploads\/sites\/25\/2023\/02\/limay-RA-768x718.jpg 768w, https:\/\/recherche-action.fr\/limay\/wp-content\/uploads\/sites\/25\/2023\/02\/limay-RA.jpg 1297w\" sizes=\"(max-width: 1024px) 100vw, 1024px\" \/><\/figure>\n\n\n\n<h1 class=\"wp-block-heading\"><span class=\"ez-toc-section\" id=\"Methodologie\"><\/span>M\u00e9thodologie<span class=\"ez-toc-section-end\"><\/span><\/h1>\n\n\n<ul class=\"lcp_catlist\" id=\"lcp_instance_0\"><li><a href=\"https:\/\/recherche-action.fr\/limay\/2024\/05\/17\/restitution-du-rapport-de-recherche-action\/\">Restitution du rapport de recherche-action<\/a><\/li><li><a href=\"https:\/\/recherche-action.fr\/limay\/2024\/04\/04\/ecole-du-commun-commun-de-lecole\/\">\u00c9cole du commun, commun de l&rsquo;\u00e9cole<\/a><\/li><li><a href=\"https:\/\/recherche-action.fr\/limay\/2022\/12\/22\/experimentations\/\">Exp\u00e9rimentations<\/a><\/li><li><a href=\"https:\/\/recherche-action.fr\/limay\/2022\/12\/22\/savoirs-partages\/\">Savoirs partag\u00e9s<\/a><\/li><li><a href=\"https:\/\/recherche-action.fr\/limay\/2022\/12\/22\/formation-action\/\">Formation-action<\/a><\/li><li><a href=\"https:\/\/recherche-action.fr\/limay\/2022\/12\/22\/entretiens\/\">Entretiens<\/a><\/li><li><a href=\"https:\/\/recherche-action.fr\/limay\/2022\/12\/22\/recherche-action\/\">Recherche-action<\/a><\/li><li><a href=\"https:\/\/recherche-action.fr\/limay\/2022\/12\/22\/geographie-sociale\/\">G\u00e9ographie sociale<\/a><\/li><\/ul>\n","protected":false},"excerpt":{"rendered":"<div class=\"mh-excerpt\"><p>Le dispositif Cit\u00e9 \u00e9ducative de la ville de Limay a missionn\u00e9 Hugues Bazin, chercheur en sciences sociales, sur le domaine de la parentalit\u00e9, et plus <a class=\"mh-excerpt-more\" href=\"https:\/\/recherche-action.fr\/limay\/demarche\/\" title=\"D\u00e9marche\">Lire plus<\/a><\/p>\n<\/div>","protected":false},"author":1,"featured_media":0,"parent":0,"menu_order":0,"comment_status":"closed","ping_status":"closed","template":"","meta":{"jetpack_post_was_ever_published":false,"footnotes":""},"ppma_author":[6],"class_list":["post-369","page","type-page","status-publish","hentry","author-lisra"],"jetpack_sharing_enabled":true,"post_mailing_queue_ids":[],"_links":{"self":[{"href":"https:\/\/recherche-action.fr\/limay\/wp-json\/wp\/v2\/pages\/369","targetHints":{"allow":["GET"]}}],"collection":[{"href":"https:\/\/recherche-action.fr\/limay\/wp-json\/wp\/v2\/pages"}],"about":[{"href":"https:\/\/recherche-action.fr\/limay\/wp-json\/wp\/v2\/types\/page"}],"author":[{"embeddable":true,"href":"https:\/\/recherche-action.fr\/limay\/wp-json\/wp\/v2\/users\/1"}],"replies":[{"embeddable":true,"href":"https:\/\/recherche-action.fr\/limay\/wp-json\/wp\/v2\/comments?post=369"}],"version-history":[{"count":0,"href":"https:\/\/recherche-action.fr\/limay\/wp-json\/wp\/v2\/pages\/369\/revisions"}],"wp:attachment":[{"href":"https:\/\/recherche-action.fr\/limay\/wp-json\/wp\/v2\/media?parent=369"}],"wp:term":[{"taxonomy":"author","embeddable":true,"href":"https:\/\/recherche-action.fr\/limay\/wp-json\/wp\/v2\/ppma_author?post=369"}],"curies":[{"name":"wp","href":"https:\/\/api.w.org\/{rel}","templated":true}]}}

Démarche

<p>Le dispositif <a rel="noreferrer noopener" href="https://www.ville-limay.fr/limay-obtient-le-label-cite-educative/" target="_blank">Cité éducative de la ville de Limay</a> a missionné <a rel="noreferrer noopener" href="https://recherche-action.fr/hugues-bazin/" target="_blank">Hugues Bazin</a>, chercheur en sciences sociales, sur le domaine de la parentalité, et plus précisément sur la question de la participation des familles. Il rencontre dans ce cadre les acteurs socio-éducatifs pour recueillir leurs expériences et leurs attentes dans la perspective d’établir des préconisations et accompagner des expérimentations avec les familles dans une démarche de recherche-action.</p>


<div id="ez-toc-container" class="ez-toc-v2_0_82_2 counter-hierarchy ez-toc-counter ez-toc-light-blue ez-toc-container-direction">
<div class="ez-toc-title-container">
<p class="ez-toc-title" style="cursor:inherit">Sommaire</p>
<span class="ez-toc-title-toggle"></span></div>
<nav><ul class='ez-toc-list ez-toc-list-level-1 ' ><li class='ez-toc-page-1 ez-toc-heading-level-1'><a class="ez-toc-link ez-toc-heading-1" href="https://recherche-action.fr/limay/demarche/#Principe_generaux" >Principe généraux</a></li><li class='ez-toc-page-1 ez-toc-heading-level-1'><a class="ez-toc-link ez-toc-heading-2" href="https://recherche-action.fr/limay/demarche/#Une_approche_globale" >Une approche globale</a></li><li class='ez-toc-page-1 ez-toc-heading-level-1'><a class="ez-toc-link ez-toc-heading-3" href="https://recherche-action.fr/limay/demarche/#Methodologie" >Méthodologie</a></li></ul></nav></div>




<h1 class="wp-block-heading"><span class="ez-toc-section" id="Principe_generaux"></span>Principe généraux<span class="ez-toc-section-end"></span></h1>



<p>Afin de répondre au mieux à la demande de « la mise en place d’un diagnostic territorial partagé et d’un plan d’actions sur la parentalité », nous proposons une démarche de recherche-action, qui s’avère d’autant plus pertinente pour favoriser la participation de tous les acteurs, valoriser leurs contributions et trouver des éléments de proposition.<br>Effectivement, le but de la recherche-action est d’offrir la possibilité pour les populations concernées de valoriser un savoir issu d’un travail réflexif sur leur propre expérience dans leur parcours de vie et dans les expérimentations qu’elles pourront développer sur le territoire.<br>Nous partons ainsi du principe qu’il ne peut avoir de participation effective des familles et des jeunes sans prise en compte de la globalité de leur situation et d’un réel pouvoir de leur part sur l’orientation du processus de recherche et d’action.<br>Dans cette perspective, la démarche vise à créer par étapes un collectif d’acteurs-chercheurs (professionnels, acteurs associatifs, habitants) susceptible d’animer le processus est d’être reconnu sur le territoire dans sa capacité d’expertise. Le programme doit donc veiller dans la mesure du possible à obtenir des moyens pour que les personnes intéressées puissent négocier cet espace-temps d’investissement suivant leur situation socioprofessionnelle.<br>Il est important que chacun puisse se saisir à tout moment de la proposition de recherche-action, favoriser un échange des savoirs (expérientiel, technicien, scientifique), assurer un rôle d’intermédiation entre innovations sociale et le cadre institutionnel de leur pérennisation. Ce site web propose un support dans ce sens : donner une visibilité à une autre géographie sociale du territoire avec une démarche participative des acteurs et offrir une plate-forme ressources sur les méthodologies les problématiques abordées</p>



<h1 class="wp-block-heading"><span class="ez-toc-section" id="Une_approche_globale"></span>Une approche globale<span class="ez-toc-section-end"></span></h1>



<figure class="wp-block-image size-large"><img fetchpriority="high" decoding="async" width="1024" height="957" src="http://recherche-action.fr/limay/wp-content/uploads/sites/25/2023/02/limay-RA-1024x957.jpg" alt="" class="wp-image-316" srcset="https://recherche-action.fr/limay/wp-content/uploads/sites/25/2023/02/limay-RA-1024x957.jpg 1024w, https://recherche-action.fr/limay/wp-content/uploads/sites/25/2023/02/limay-RA-300x280.jpg 300w, https://recherche-action.fr/limay/wp-content/uploads/sites/25/2023/02/limay-RA-768x718.jpg 768w, https://recherche-action.fr/limay/wp-content/uploads/sites/25/2023/02/limay-RA.jpg 1297w" sizes="(max-width: 1024px) 100vw, 1024px" /></figure>



<h1 class="wp-block-heading"><span class="ez-toc-section" id="Methodologie"></span>Méthodologie<span class="ez-toc-section-end"></span></h1>


<ul class="lcp_catlist" id="lcp_instance_0"><li><a href="https://recherche-action.fr/limay/2024/05/17/restitution-du-rapport-de-recherche-action/">Restitution du rapport de recherche-action</a></li><li><a href="https://recherche-action.fr/limay/2024/04/04/ecole-du-commun-commun-de-lecole/">École du commun, commun de l&rsquo;école</a></li><li><a href="https://recherche-action.fr/limay/2022/12/22/experimentations/">Expérimentations</a></li><li><a href="https://recherche-action.fr/limay/2022/12/22/savoirs-partages/">Savoirs partagés</a></li><li><a href="https://recherche-action.fr/limay/2022/12/22/formation-action/">Formation-action</a></li><li><a href="https://recherche-action.fr/limay/2022/12/22/entretiens/">Entretiens</a></li><li><a href="https://recherche-action.fr/limay/2022/12/22/recherche-action/">Recherche-action</a></li><li><a href="https://recherche-action.fr/limay/2022/12/22/geographie-sociale/">Géographie sociale</a></li></ul>

<div class="mh-excerpt"><p>Le dispositif Cité éducative de la ville de Limay a missionné Hugues Bazin, chercheur en sciences sociales, sur le domaine de la parentalité, et plus <a class="mh-excerpt-more" href="https://recherche-action.fr/limay/demarche/" title="Démarche">Lire plus</a></p>
</div>
