{"id":114,"date":"2017-10-05T10:53:29","date_gmt":"2017-10-05T08:53:29","guid":{"rendered":"http:\/\/recherche-action.fr\/parcours-bruts\/?page_id=114"},"modified":"2019-05-25T12:37:46","modified_gmt":"2019-05-25T10:37:46","slug":"burning-feminism","status":"publish","type":"page","link":"https:\/\/recherche-action.fr\/parcours-bruts\/chronique-dinterstice-de-beaubreuil\/burning-feminism\/","title":{"rendered":"Burning Feminism"},"content":{"rendered":"<p align=\"justify\">Autour d\u2019un caf\u00e9 dans le quartier, je profite d\u2019un interstice qui \u00e9chappe \u00e0 l\u2019ordre social pour discuter du monde, de la vie, du quotidien, de l\u2019avenir avec Mehdi et des amis \u00e0 lui. Les contr\u00f4les de police sont r\u00e9currents, les arrestations, les proc\u00e8s, les condamnations. Je me mets \u00e0 jour de la vie des uns et des autres parce que l\u2019\u00e9t\u00e9 est pass\u00e9 par l\u00e0 (ils sont 3). L\u2019un a pass\u00e9 le mois de juillet \u00e0 la maison d\u2019arr\u00eat, l\u2019autre s\u2019est fait insult\u00e9, cours\u00e9 et explique que la police aura un jour le revers de la m\u00e9daille. Je leur demande comment ils ont v\u00e9cu l\u2019enfermement, comment ils sont aujourd\u2019hui, pas trop d\u00e9truits, pas trop \u00e0 bout&nbsp;? Ils me r\u00e9pondent que la prison c\u2019est les vacances, qu\u2019on y mange gratos que de toute fa\u00e7on ils n\u2019arriveront jamais \u00e0 les briser, que c\u2019est leur r\u00e9sistance, qu\u2019ils ne les d\u00e9truiront jamais, que la prison n\u2019y fera rien.<\/p>\n<p align=\"justify\">Le caf\u00e9 dure des heures, les clopes s\u2019encha\u00eenent le temps de discuter philosophie, religion, amour, travail, rationalit\u00e9, croyance, certitudes, etc. Nous ne sommes pas amis mais plut\u00f4t anim\u00e9s par la curiosit\u00e9 de la confrontation de nos mondes et de nos repr\u00e9sentations diff\u00e9rentes et parfois partag\u00e9es.<\/p>\n<p align=\"justify\">Ils me disent avec respect et prudence que je suis ignorante, qu\u2019il y a tellement de choses que je ne sais pas. Je leur dis qu\u2019eux ont r\u00e9ponse \u00e0 tout, qu\u2019ils ont des tas de certitudes et que je pr\u00e9f\u00e8res avoir des doutes et savoir qu\u2019il y a des choses que je ne sais pas plut\u00f4t que de tout expliquer par des forces dont j\u2019ignore l\u2019existence&#8230; On sourit, on se taquine, le soleil qui se couche nous fait conclure la discussion et nous fait dire qu\u2019on se rappelle pour un nouveau caf\u00e9.<\/p>\n<p align=\"justify\">\u00c7a donne l\u2019impression qu\u2019on a pas fait grand-chose alors qu\u2019en r\u00e9alit\u00e9, on a initi\u00e9, cr\u00e9e, produit une exp\u00e9rience sociale comme il en existe peu. Notre laboratoire social c\u2019est l\u2019intersection d\u2019une intrigue r\u00e9ciproque. On s\u2019amuse \u00e0 se r\u00e9p\u00e9ter que c\u2019est improbable qu\u2019on discute ensemble parce que tout est fait pour que nous ne nous croisions jamais, pour que nous n\u2019\u00e9changions jamais et donc que nous ne nous comprenions jamais. De mon c\u00f4t\u00e9, j\u2019explique cette action \u00e0 contre courant de l\u2019ordre social par une d\u00e9marche politique, militante, contestataire&nbsp;; eux expliquent que le sort est conjur\u00e9 par une force qui a voulu que nos chemins se croisent.<\/p>\n<p align=\"justify\">L\u2019exp\u00e9rience engage \u00e9videmment ce que nous sommes et voulons \u00eatre les un-e-s pour et vis \u00e0 vis des autres et c\u2019est ce jeu strat\u00e9gique que je souhaite mettre \u00e0 jour car il intrigue sur les sujets que nous engageons de nous dans cette situation et notamment la question des sujets politiques homme et femme<a class=\"sdfootnoteanc\" href=\"#sdfootnote1sym\" name=\"sdfootnote1anc\"><sup>1<\/sup><\/a>.<\/p>\n<p align=\"justify\">La sc\u00e8ne d\u2019analyse se situe au moment de se quitter apr\u00e8s notre s\u00e9ance caf\u00e9-d\u00e9bat. Je suis gar\u00e9e loin, le raccourci habituel par la galerie marchande du supermarch\u00e9 est ferm\u00e9 car il est maintenant trop tard. Eux ont une voiture \u00e0 proximit\u00e9, ils me proposent de me ramener \u00e0 ma voiture. On avait parl\u00e9 \u00ab&nbsp;rapport \u00e0 l\u2019argent&nbsp;\u00bb durant le caf\u00e9 et ils m\u2019ont expliqu\u00e9 l\u2019importance de se d\u00e9tacher du mat\u00e9riel qui serait une source d\u2019ali\u00e9nation, nous avions souri en voyant qu\u2019on \u00e9tait loin de ces ambitions avec nos 4 smartphones sur la table\u2026, en s\u2019approchant de la voiture, le conducteur et propri\u00e9taire se tourne vers moi et, avec beaucoup de d\u00e9rision face \u00e0 sa voiture flambant neuve, me dit qu\u2019il a encore du boulot avant de se d\u00e9tacher de la \u00ab&nbsp;valeur mat\u00e9rielle&nbsp;\u00bb.<\/p>\n<p align=\"justify\">Je monte \u00e0 l\u2019arri\u00e8re de la voiture, nous sommes donc 4 \u00e0 l\u2019int\u00e9rieur, \u00e9tant donn\u00e9 la proximit\u00e9 de ma voiture je ne mets pas ma ceinture.<\/p>\n<p align=\"justify\">Pas le temps d\u2019\u00eatre install\u00e9e que le conducteur fait des \u00ab&nbsp;burns&nbsp;\u00bb et met les gaz et nous voil\u00e0 les pneus crissant sur le parking, des coups de volant. Mon voisin de banquette qui me dit en souriant \u00ab&nbsp;ben maintenant on t\u2019emm\u00e8ne dans les bois, t\u2019es coinc\u00e9e avec nous&nbsp;\u00bb, je r\u00e9ponds en souriant que \u00ab&nbsp;pour une fois je peux remercier la g\u00e9olocalisation de mon smartphone qui va me suivre \u00e0 la trace&nbsp;\u00bb (histoire de me rappeler \u00e0 moi m\u00eame et \u00e0 eux que je ne souhaite pas que leur affirmation se r\u00e9alise, mani\u00e8re \u00ab&nbsp;subtile&nbsp;\u00bb de signifier que l\u2019id\u00e9e ne me convient pas), nous sourions et je commence \u00e0 valdinguer sur la banquette ce qui fait rire l\u2019ensemble de la voiture. Nous voil\u00e0 arriv\u00e9-e-s sur un rond point sur lequel nous tournons 3 \u00e0 4 fois avec des d\u00e9rapages, des pneus qui crissent.<\/p>\n<p align=\"justify\">Les souvenirs restent flous car une certaine crainte et l\u2019aspect subi de la situation rend la clairvoyance sur les faits moins nette. Je me demande ce que je dois faire ou non (je mets ma ceinture ou non&nbsp;?), n\u2019ayant jamais connu ce type d\u2019exp\u00e9rience de conduite j\u2019ignore les risques r\u00e9els donc j\u2019essaye de les mesurer au regard des capacit\u00e9s techniques de la voiture (est ce qu\u2019elle peut basculer&nbsp;? Est ce qu\u2019on peut totalement se retourner, est ce que je vois d\u2019autres voitures sur le rond point qui pourraient nous choquer?), je r\u00e9fl\u00e9chis \u00e9galement \u00e0 quoi dire ou non pour que \u00e7a s\u2019arr\u00eate rapidement tout en gardant la face&nbsp;: faut -il signifier la crainte au risque que cela donne l\u2019envie d\u2019augmenter la crainte pour que le jeu \u00ab&nbsp;d\u2019impressionner et\/ou de faire peur&nbsp;\u00bb soit atteint au maximum (je ne le souhaite pas), faut-il feindre la tranquillit\u00e9, l\u2019apaisement total dans l\u2019espoir que le jeu n\u2019est plus d\u2019int\u00e9r\u00eat et donc qu\u2019il soit abandonn\u00e9 mais au risque que cela incite \u00e0 augmenter le risque pour obliger \u00e0 rentrer dans le jeu&nbsp;?<\/p>\n<p align=\"justify\">J\u2019opte pour plusieurs attitudes \u00e0 la fois&nbsp;:<\/p>\n<ul>\n<li>l\u2019humour et la d\u00e9rision pour garder la face entre une forme de nonchalance et la possibilit\u00e9 de signifier tout de m\u00eame la crainte (je suis dans le jeu, j\u2019ai compris les r\u00e8gles et le message, je m\u2019abandonne un peu m\u00eame si je continue de rire et je veux garder la t\u00eate haute en bluffant sur le fait que je garde le contr\u00f4le, de moi et donc d\u2019une certaine mani\u00e8re, de la situation)&nbsp;: \u00ab&nbsp;merci pour ce tour de man\u00e8ge gratuit&nbsp;\u00bb, \u00ab&nbsp; par hasard est ce que vous avez d\u00e9j\u00e0 \u00e9cras\u00e9 quelqu\u2019un ou eu un accident&nbsp;? Parce que \u00e7a ne serait pas impossible que \u00e7a arrive un jour et \u00e7a serait dommage d\u2019ab\u00eemer une si belle voiture&nbsp;!&nbsp;\u00bb.<\/li>\n<li>&nbsp;je ne mets toujours pas ma ceinture (je comprends le jeu, je conc\u00e8de que j\u2019ai de la crainte mais je veux \u00e9galement signifier que je ne me soumets pas totalement aux r\u00e8gles du jeu qui consisterait, \u00e0 l\u2019extr\u00eame, \u00e0 ce que je panique mais au risque qu\u2019un accident se produise et que je valdingue encore plus\u2026).<\/li>\n<\/ul>\n<p align=\"justify\">Face \u00e0 ces deux attitudes, deux interrogations s\u2019imposent \u00e0 moi&nbsp;: quelles ont \u00e9t\u00e9 mes choix d\u2019action strat\u00e9gique dans cette situation&nbsp;? Comment je me suis incarn\u00e9e et j\u2019ai jou\u00e9 en sujet f\u00e9ministe ou non dans la situation et pourquoi&nbsp;?<\/p>\n<p align=\"justify\">La r\u00e9ponse \u00e0 cette interrogation n\u00e9cessite de poser ce que j\u2019ai compris du sens de la situation et de fait comment d\u2019apr\u00e8s ce sens j\u2019ai d\u00e9cid\u00e9 d\u2019agir avec ce que je suis et les moyens que j\u2019avais.<\/p>\n<p align=\"justify\">Mon analyse de l\u2019intention des 3 hommes pr\u00e9sents dans la voiture et notamment celle du conducteur est emprunte de ma perception de la situation qui selon moi a d\u00e9but\u00e9 d\u00e8s notre discussion au caf\u00e9&nbsp;: j\u2019investis un espace qui ne m\u2019est pas quotidien et habituel \u00e0 l\u2019inverse d\u2019eux qui en ont une connaissance parfaite et ma\u00eetris\u00e9e. Je porte des convictions, des argumentations, je d\u00e9fends une vue du monde (ils font de m\u00eame) que nous ne partageons pas forc\u00e9ment en revanche nous identifions des valeurs communes, des rapports aux mondes qui font sens commun.<\/p>\n<p align=\"justify\">\u00ab&nbsp;L\u2019\u00e9preuve de la voiture&nbsp;\u00bb symbolise bien en ces termes ce qu\u2019il se joue dans cette exp\u00e9rience sociale c\u2019est \u00e0 dire l\u2019intersection de nos diff\u00e9rents sujets politiques (femme- homme, blanc- non-blanc, salari\u00e9e- sans emploi, etc.). La voiture devient une nouvelle ar\u00e8ne close et contrainte o\u00f9 les r\u00e8gles du jeu sont pos\u00e9es et s\u2019imposent. L\u2019\u00e9preuve vient tester et signifier la place, l\u2019espace et le pouvoir d\u2019agir des un-e-s et des autres. Pour ma part je me sens contrainte \u00e0 subir leur choix, leurs-les r\u00e8gles et je signifie \u00e0 la fois l\u2019insatisfaction et la crainte que cela provoque chez moi tout en signifiant ma conscience de l\u2019\u00e9preuve et du test qui a lieu et donc le fait qu\u2019il s\u2019agit d\u2019un jeu\u2026<\/p>\n<p align=\"justify\">Le jeu en vaut-il la chandelle&nbsp;?<\/p>\n<p align=\"justify\">J\u2019estime que oui car je ne nie pas le jeu (\u00ab\u00a0c\u2019est un tour de carrousel?\u00a0\u00bb), ni les r\u00e8gles du jeu (\u00ab&nbsp;oui j\u2019ai peur, c\u2019est bon l\u2019\u00e9preuve a fonctionn\u00e9&nbsp;\u00bb), je rentre dedans en les respectant (\u00ab&nbsp;c\u2019est s\u00fbr que plus vite \u00e7a s\u2019arr\u00eatera, et mieux ce sera pour moi et je conc\u00e8de que l\u2019arr\u00eat du jeu est entre vos mains&nbsp;!&nbsp;\u00bb) et en voulant potentiellement en red\u00e9finir les termes (\u00ab&nbsp;\u00e0 quoi \u00e7a sert de faire \u00e7a&nbsp;?\u00bb). Je suis au final rapidement ramen\u00e9e \u00e0 ma voiture et ils m\u2019invitent \u00e0 ce que nous nous revoyons un de ces quatre pour une nouvelle discussion autour d\u2019un caf\u00e9. D\u00e8s que je suis d\u00e9pos\u00e9e ils repartent en trombe jusqu\u2019au fond du parking o\u00f9 j\u2019\u00e9tais gar\u00e9e.<\/p>\n<p align=\"justify\">Le deuxi\u00e8me aspect est mon attitude, mes choix restreints au vue de la contrainte, pourtant ils en existent bien&nbsp;: ne pas perdre la face (paniquer), signifier le d\u00e9saccord, garder la face comme l\u2019affirmation de l\u2019importance de mon autod\u00e9termination, de ma libert\u00e9 d\u2019action, de mes choix, etc. Cette forme d\u2019expression d\u2019une posture f\u00e9ministe et d\u2019un sens pratique f\u00e9ministe.<\/p>\n<p align=\"justify\">Il y a \u00e0 la fois un avant et un apr\u00e8s l\u2019\u00e9preuve, donc il y a n\u00e9cessit\u00e9 de saisir totalement le sens de l\u2019\u00e9preuve pour savoir ce qu\u2019elle signifiait au-del\u00e0 de comment elle a \u00e9t\u00e9 per\u00e7ue et v\u00e9cue pour ma part.<\/p>\n<p align=\"justify\">Pourquoi ce souci de comprendre l\u2019Autre et son intention&nbsp;r\u00e9elle?<a class=\"sdfootnoteanc\" href=\"#sdfootnote2sym\" name=\"sdfootnote2anc\"><sup>2<\/sup><\/a> Parce que les rapports de force et de domination n\u2019\u00e9taient pas unilat\u00e9rales (eux vis \u00e0 vis de moi). L\u2019assurance de mon discours, de l\u2019int\u00e9gration dans leur espace de vie, de la mise en d\u00e9bat de leur repr\u00e9sentation, sur leur terrain est d\u00e9j\u00e0 une \u00e9preuve dont je dictais les r\u00e8gles et dans laquelle nous avions collectivement conc\u00e9d\u00e9 que nous devions tous-toutes garder la face.<\/p>\n<p align=\"justify\">Tout porte \u00e0 croire que le jeu s\u2019est donc renvers\u00e9 et a permis de nous rappeler (\u00e0 nous 4) qu\u2019il y a bien une \u00e9preuve dans laquelle je ne gagnerai pas et qu\u2019ils peuvent facilement faire valoir car ils ma\u00eetrisent le mieux leur espace et leurs-ses r\u00e8gles parce que c\u2019est peut \u00eatre aussi le dernier bastion de domination qui leur reste<a class=\"sdfootnoteanc\" href=\"#sdfootnote3sym\" name=\"sdfootnote3anc\"><sup>3<\/sup><\/a>, c\u2019est celle de l\u2019ordre social des rapports femmes-hommes (contrainte, placement en tant qu\u2019objet, peur, absence de libert\u00e9 de choix et de libert\u00e9, etc.).<\/p>\n<p align=\"justify\">Le jeu en valait-il la chandelle&nbsp;?<\/p>\n<p align=\"justify\">Deux semaine plus tard, au d\u00e9tour de courses au supermarch\u00e9, je croise le conducteur dans la galerie marchande, nous nous regardons rapidement et timidement il me sourit et tourne le regard, je fais de m\u00eame. Tout porte \u00e0 croire qu\u2019au del\u00e0 des \u00e9preuves que l\u2019on peut s\u2019infliger, l\u2019interstice de nos \u00e9changes raisonne peut \u00eatre comme l\u2019opportunit\u00e9 de questionner les r\u00e8gles du jeu ce qui me permettra de leur demander bient\u00f4t ce que signifiait pour eux \u00ab&nbsp;l\u2019\u00e9preuve de la voiture&nbsp;\u00bb, ce que f\u00e9minisme peut dire et ainsi reprendre le cours de nos questionnements sur ce que Nous sommes&nbsp;!<\/p>\n<hr>\n<div id=\"sdfootnote1\">\n<p class=\"sdfootnote\"><a class=\"sdfootnotesym\" href=\"#sdfootnote1anc\" name=\"sdfootnote1sym\">1&nbsp;<\/a>Texte \u00e9galement \u00e9galement publi\u00e9 sur http:\/\/autographie.org\/legenredutravail\/<\/p>\n<\/div>\n<div id=\"sdfootnote2\">\n<p align=\"justify\"><span style=\"font-size: small\"><a class=\"sdfootnotesym\" href=\"#sdfootnote2anc\" name=\"sdfootnote2sym\">2<\/a> Je pourrais ais\u00e9ment et l\u00e9gitimement signifier que le v\u00e9cu de violence se suffit \u00e0 lui m\u00eame pour justifier de son existence.<\/span><\/p>\n<\/div>\n<div id=\"sdfootnote3\">\n<p><a class=\"sdfootnotesym\" href=\"#sdfootnote3anc\" name=\"sdfootnote3sym\">3<\/a><a href=\"#sdfootnote2anc\" name=\"sdfootnote2sym\"><span style=\"font-size: small\">&nbsp;<\/span><\/a><span style=\"font-size: small\">Cf&nbsp;: FAURE, Sylvia. 2006. Hlm c\u00f4t\u00e9 filles, c\u00f4t\u00e9 gar\u00e7ons. In Agora d\u00e9bats\/jeunesse, vol41, n\u00b01, pp 94-108.<\/span><\/p>\n<\/div>\n","protected":false},"excerpt":{"rendered":"<p>Autour d\u2019un caf\u00e9 dans le quartier, je profite d\u2019un interstice qui \u00e9chappe \u00e0 l\u2019ordre social pour discuter du monde, de la vie, du quotidien, de l\u2019avenir avec Mehdi et des [&hellip;]<\/p>\n","protected":false},"author":3,"featured_media":113,"parent":83,"menu_order":2,"comment_status":"closed","ping_status":"closed","template":"","meta":{"jetpack_post_was_ever_published":false,"footnotes":""},"class_list":["post-114","page","type-page","status-publish","has-post-thumbnail","hentry"],"jetpack_sharing_enabled":true,"jetpack_shortlink":"https:\/\/wp.me\/P7Azv0-1Q","_links":{"self":[{"href":"https:\/\/recherche-action.fr\/parcours-bruts\/wp-json\/wp\/v2\/pages\/114","targetHints":{"allow":["GET"]}}],"collection":[{"href":"https:\/\/recherche-action.fr\/parcours-bruts\/wp-json\/wp\/v2\/pages"}],"about":[{"href":"https:\/\/recherche-action.fr\/parcours-bruts\/wp-json\/wp\/v2\/types\/page"}],"author":[{"embeddable":true,"href":"https:\/\/recherche-action.fr\/parcours-bruts\/wp-json\/wp\/v2\/users\/3"}],"replies":[{"embeddable":true,"href":"https:\/\/recherche-action.fr\/parcours-bruts\/wp-json\/wp\/v2\/comments?post=114"}],"version-history":[{"count":4,"href":"https:\/\/recherche-action.fr\/parcours-bruts\/wp-json\/wp\/v2\/pages\/114\/revisions"}],"predecessor-version":[{"id":258,"href":"https:\/\/recherche-action.fr\/parcours-bruts\/wp-json\/wp\/v2\/pages\/114\/revisions\/258"}],"up":[{"embeddable":true,"href":"https:\/\/recherche-action.fr\/parcours-bruts\/wp-json\/wp\/v2\/pages\/83"}],"wp:featuredmedia":[{"embeddable":true,"href":"https:\/\/recherche-action.fr\/parcours-bruts\/wp-json\/wp\/v2\/media\/113"}],"wp:attachment":[{"href":"https:\/\/recherche-action.fr\/parcours-bruts\/wp-json\/wp\/v2\/media?parent=114"}],"curies":[{"name":"wp","href":"https:\/\/api.w.org\/{rel}","templated":true}]}}