{"id":12,"date":"2015-09-16T15:25:46","date_gmt":"2015-09-16T14:25:46","guid":{"rendered":"http:\/\/recherche-action.fr\/parcours-bruts\/?page_id=12"},"modified":"2015-09-16T15:25:46","modified_gmt":"2015-09-16T14:25:46","slug":"origines","status":"publish","type":"page","link":"https:\/\/recherche-action.fr\/parcours-bruts\/origines\/","title":{"rendered":"Origines"},"content":{"rendered":"<p style=\"text-align: justify\"><span style=\"color: #000000\">Derri\u00e8re la figure de la r\u00e9ussite sociale ou \u00e0 l&rsquo;inverse celle de l&rsquo;\u00e9chec, se cache une infinit\u00e9 de fa\u00e7ons de vivre et de penser, comme autant de \u00ab\u00a0bricolages pour s&rsquo;en sortir\u00a0\u00bb. Ces mani\u00e8res d&rsquo;\u00eatre au monde, ces parcours rafistol\u00e9s et sinueux, ces fa\u00e7ons d\u2019interagir tissent notre r\u00e9alit\u00e9 sociale. Seulement, faute d&rsquo;espace d&rsquo;expression ou de sentiment de l\u00e9gitimit\u00e9 pour prendre la parole, ces parcours passent souvent sous silence laissant le champ libre aux repr\u00e9sentations r\u00e9ductrices et cat\u00e9gorielles.<\/span><\/p>\n<p style=\"text-align: justify\"><span style=\"color: #000000\">\u00ab\u00a0Parcours Bruts\u00a0\u00bb est une occasion que l&rsquo;on se donne pour d\u00e9busquer les valeurs, les visions du monde, les trajectoires et les exp\u00e9riences de vie, par del\u00e0 les repr\u00e9sentations. Cette d\u00e9marche vise \u00e0 la fois \u00e0 r\u00e9pondre \u00e0 l&rsquo;interrogation \u00ab\u00a0de quoi notre soci\u00e9t\u00e9 est-elle faite\u00a0?\u00a0\u00bb et \u00e0 la fois \u00e0 faciliter l&rsquo;\u00e9mergence de pens\u00e9es et de paroles qui d&rsquo;ordinaire se taisent.<\/span><\/p>\n<p style=\"text-align: justify\"><span style=\"color: #000000\">A l&rsquo;image de l&rsquo;Art Brut pratiqu\u00e9 par des personnes dites \u00ab\u00a0exemptes de culture artistique\u00a0\u00bb, les Parcours Bruts sont ces existences politiques et r\u00e9flexives, qui sans forc\u00e9ment s&rsquo;exprimer dans les termes attendus, tracent des voies sociales vivantes et fabriquent r\u00e9ellement le lien social actuel.<\/span><\/p>\n<p style=\"text-align: justify\"><span style=\"color: #000000\">Rendre ces paroles publiques permet de consid\u00e9rer les individus comme des acteurs et des actrices politiques et pas simplement des agents muets au service d&rsquo;un ordre social immuable. C&rsquo;est donc un moyen de faire jaillir les aspirations de chacun-e, pour mieux d\u00e9construire les voies restrictives que notre soci\u00e9t\u00e9 propose et afin de favoriser la constitution d&rsquo;un savoir autonome et l\u00e9gitime, au service d&rsquo;existences politiques.<\/span><\/p>\n","protected":false},"excerpt":{"rendered":"<p>Derri\u00e8re la figure de la r\u00e9ussite sociale ou \u00e0 l&rsquo;inverse celle de l&rsquo;\u00e9chec, se cache une infinit\u00e9 de fa\u00e7ons de vivre et de penser, comme autant de \u00ab\u00a0bricolages pour s&rsquo;en [&hellip;]<\/p>\n","protected":false},"author":4,"featured_media":0,"parent":0,"menu_order":0,"comment_status":"closed","ping_status":"closed","template":"","meta":{"jetpack_post_was_ever_published":false,"footnotes":""},"class_list":["post-12","page","type-page","status-publish","hentry"],"jetpack_sharing_enabled":true,"jetpack_shortlink":"https:\/\/wp.me\/P7Azv0-c","_links":{"self":[{"href":"https:\/\/recherche-action.fr\/parcours-bruts\/wp-json\/wp\/v2\/pages\/12","targetHints":{"allow":["GET"]}}],"collection":[{"href":"https:\/\/recherche-action.fr\/parcours-bruts\/wp-json\/wp\/v2\/pages"}],"about":[{"href":"https:\/\/recherche-action.fr\/parcours-bruts\/wp-json\/wp\/v2\/types\/page"}],"author":[{"embeddable":true,"href":"https:\/\/recherche-action.fr\/parcours-bruts\/wp-json\/wp\/v2\/users\/4"}],"replies":[{"embeddable":true,"href":"https:\/\/recherche-action.fr\/parcours-bruts\/wp-json\/wp\/v2\/comments?post=12"}],"version-history":[{"count":0,"href":"https:\/\/recherche-action.fr\/parcours-bruts\/wp-json\/wp\/v2\/pages\/12\/revisions"}],"wp:attachment":[{"href":"https:\/\/recherche-action.fr\/parcours-bruts\/wp-json\/wp\/v2\/media?parent=12"}],"curies":[{"name":"wp","href":"https:\/\/api.w.org\/{rel}","templated":true}]}}

<p style="text-align: justify"><span style="color: #000000">Derrière la figure de la réussite sociale ou à l&rsquo;inverse celle de l&rsquo;échec, se cache une infinité de façons de vivre et de penser, comme autant de « bricolages pour s&rsquo;en sortir ». Ces manières d&rsquo;être au monde, ces parcours rafistolés et sinueux, ces façons d’interagir tissent notre réalité sociale. Seulement, faute d&rsquo;espace d&rsquo;expression ou de sentiment de légitimité pour prendre la parole, ces parcours passent souvent sous silence laissant le champ libre aux représentations réductrices et catégorielles.</span></p>
<p style="text-align: justify"><span style="color: #000000">« Parcours Bruts » est une occasion que l&rsquo;on se donne pour débusquer les valeurs, les visions du monde, les trajectoires et les expériences de vie, par delà les représentations. Cette démarche vise à la fois à répondre à l&rsquo;interrogation « de quoi notre société est-elle faite ? » et à la fois à faciliter l&rsquo;émergence de pensées et de paroles qui d&rsquo;ordinaire se taisent.</span></p>
<p style="text-align: justify"><span style="color: #000000">A l&rsquo;image de l&rsquo;Art Brut pratiqué par des personnes dites « exemptes de culture artistique », les Parcours Bruts sont ces existences politiques et réflexives, qui sans forcément s&rsquo;exprimer dans les termes attendus, tracent des voies sociales vivantes et fabriquent réellement le lien social actuel.</span></p>
<p style="text-align: justify"><span style="color: #000000">Rendre ces paroles publiques permet de considérer les individus comme des acteurs et des actrices politiques et pas simplement des agents muets au service d&rsquo;un ordre social immuable. C&rsquo;est donc un moyen de faire jaillir les aspirations de chacun-e, pour mieux déconstruire les voies restrictives que notre société propose et afin de favoriser la constitution d&rsquo;un savoir autonome et légitime, au service d&rsquo;existences politiques.</span></p>

<p>Derrière la figure de la réussite sociale ou à l&rsquo;inverse celle de l&rsquo;échec, se cache une infinité de façons de vivre et de penser, comme autant de « bricolages pour s&rsquo;en [&hellip;]</p>
