{"id":9,"date":"2015-03-13T08:47:46","date_gmt":"2015-03-13T08:47:46","guid":{"rendered":"http:\/\/recherche-action.fr\/rob\/?page_id=2"},"modified":"2015-03-13T08:47:46","modified_gmt":"2015-03-13T08:47:46","slug":"page-d-exemple","status":"publish","type":"page","link":"https:\/\/recherche-action.fr\/rob\/page-d-exemple\/","title":{"rendered":"Pr\u00e9sentation"},"content":{"rendered":"<p><strong>Les Rencontres Obliques de Belledonnne [ R.O.B ] : <em>Pour penser le territoire ensemble<\/em><\/strong><\/p>\n<p>Dans le contexte d\u2019\u00e9laboration d\u2019un projet de Parc Naturel R\u00e9gional pour Belledonne, il semble indispensable d\u2019imaginer un espace propice \u00e0 la rencontre et \u00e0 l\u2019\u00e9change entre des citoyens afin d\u2019inventorier, avec le plus de finesse possible, la diversit\u00e9 qui compose Belledonne.<br \/>\nLes Rencontres Obliques de Belledonne, port\u00e9es par Sc\u00e8nes obliques*, ont donc cette vocation et vous invitent \u00e0 y prendre part activement.<br \/>\nPour plus de renseignements, contactez Sc\u00e8nes obliques au 04 76 71 16 48.<\/p>\n<p>* Plus d&rsquo;infos sur Sc\u00e8nes obliques : www.scenes-obliques.eu<\/p>\n<p>&nbsp;<\/p>\n","protected":false},"excerpt":{"rendered":"<p>Les Rencontres Obliques de Belledonnne [ R.O.B ] : Pour penser le territoire ensemble Dans le contexte d\u2019\u00e9laboration d\u2019un projet de Parc Naturel R\u00e9gional pour Belledonne, il semble indispensable d\u2019imaginer un espace propice \u00e0 la rencontre et \u00e0 l\u2019\u00e9change entre des citoyens afin d\u2019inventorier, avec le plus de finesse possible, la diversit\u00e9 qui compose Belledonne. [&hellip;]<\/p>\n","protected":false},"author":1,"featured_media":0,"parent":0,"menu_order":0,"comment_status":"open","ping_status":"open","template":"","meta":{"footnotes":""},"class_list":["post-9","page","type-page","status-publish","hentry"],"_links":{"self":[{"href":"https:\/\/recherche-action.fr\/rob\/wp-json\/wp\/v2\/pages\/9","targetHints":{"allow":["GET"]}}],"collection":[{"href":"https:\/\/recherche-action.fr\/rob\/wp-json\/wp\/v2\/pages"}],"about":[{"href":"https:\/\/recherche-action.fr\/rob\/wp-json\/wp\/v2\/types\/page"}],"author":[{"embeddable":true,"href":"https:\/\/recherche-action.fr\/rob\/wp-json\/wp\/v2\/users\/1"}],"replies":[{"embeddable":true,"href":"https:\/\/recherche-action.fr\/rob\/wp-json\/wp\/v2\/comments?post=9"}],"version-history":[{"count":0,"href":"https:\/\/recherche-action.fr\/rob\/wp-json\/wp\/v2\/pages\/9\/revisions"}],"wp:attachment":[{"href":"https:\/\/recherche-action.fr\/rob\/wp-json\/wp\/v2\/media?parent=9"}],"curies":[{"name":"wp","href":"https:\/\/api.w.org\/{rel}","templated":true}]}}